s the thousands digit of 3396440?
6
What is the hundreds digit of 18016303?
3
What is the hundreds digit of 2980757?
7
What is the ten thousands digit of 178153?
7
What is the hundred thousands digit of 2225415?
2
What is the hundred thousands digit of 8363405?
3
What is the hundred thousands digit of 10066134?
0
What is the ten thousands digit of 2508554?
0
What is the hundred thousands digit of 1545255?
5
What is the hundreds digit of 1805?
8
What is the thousands digit of 3011912?
1
What is the hundreds digit of 3967?
9
What is the millions digit of 10794377?
0
What is the ten thousands digit of 154347?
5
What is the tens digit of 2153619?
1
What is the hundreds digit of 26367302?
3
What is the thousands digit of 6547807?
7
What is the tens digit of 563036?
3
What is the hundred thousands digit of 2676669?
6
What is the hundred thousands digit of 1322739?
3
What is the millions digit of 2449709?
2
What is the millions digit of 1371250?
1
What is the hundreds digit of 3562129?
1
What is the hundred thousands digit of 14894348?
8
What is the hundreds digit of 140354?
3
What is the hundreds digit of 54501?
5
What is the thousands digit of 56574?
6
What is the units digit of 216082?
2
What is the ten thousands digit of 3288586?
8
What is the thousands digit of 35453?
5
What is the ten millions digit of 29782606?
2
What is the tens digit of 5957889?
8
What is the hundred thousands digit of 5029086?
0
What is the ten thousands digit of 62044?
6
What is the tens digit of 132883?
8
What is the ten thousands digit of 432768?
3
What is the hundreds digit of 640091?
0
What is the hundreds digit of 1282334?
3
What is the ten thousands digit of 7298563?
9
What is the ten thousands digit of 15975333?
7
What is the thousands digit of 75248?
5
What is the units digit of 6621036?
6
What is the ten thousands digit of 1429546?
2
What is the millions digit of 2919503?
2
What is the hundred thousands digit of 1166536?
1
What is the tens digit of 101430?
3
What is the millions digit of 2940924?
2
What is the tens digit of 2978206?
0
What is the ten thousands digit of 509491?
0
What is the hundred thousands digit of 1413437?
4
What is the tens digit of 169071?
7
What is the tens digit of 1444717?
1
What is the thousands digit of 1416938?
6
What is the thousands digit of 114294?
4
What is the hundred thousands digit of 10517752?
5
What is the thousands digit of 3361009?
1
What is the hundred thousands digit of 7377419?
3
What is the ten thousands digit of 381968?
8
What is the ten thousands digit of 776827?
7
What is the hundreds digit of 525318?
3
What is the hundreds digit of 423848?
8
What is the hundreds digit of 432484?
4
What is the millions digit of 3266145?
3
What is the thousands digit of 6360649?
0
What is the ten thousands digit of 99007?
9
What is the hundred thousands digit of 554661?
5
What is the ten thousands digit of 177839?
7
What is the thousands digit of 121501?
1
What is the thousands digit of 19660966?
0
What is the thousands digit of 715527?
5
What is the tens digit of 3483920?
2
What is the millions digit of 1366202?
1
What is the hundreds digit of 226989?
9
What is the hundreds digit of 475969?
9
What is the ten thousands digit of 22134146?
3
What is the ten thousands digit of 1566907?
6
What is the tens digit of 3624804?
0
What is the tens digit of 544784?
8
What is the tens digit of 186204?
0
What is the tens digit of 282461?
6
What is the hundred thousands digit of 1277924?
2
What is the hundred thousands digit of 765644?
7
What is the ten thousands digit of 297622?
9
What is the units digit of 381996?
6
What is the tens digit of 1103602?
0
What is the hundreds digit of 865900?
9
What is the hundreds digit of 57528?
5
What is the units digit of 299679?
9
What is the tens digit of 1339446?
4
What is the ten thousands digit of 313558?
1
What is the hundred thousands digit of 6335836?
3
What is the thousands digit of 682616?
2
What is the thousands digit of 1388246?
8
What is the ten thousands digit of 1596849?
9
What is the ten thousands digit of 114463?
1
What is the units digit of 346746?
6
What is the ten millions digit of 12651518?
1
What is the units digit of 18899895?
5
What is the hundreds digit of 244107?
1
What is the hundreds digit of 795680?
6
What is the tens digit of 459376?
7
What is the thousands digit of 930014?
0
What is the units digit of 396460?
0
What is the hundreds digit of 12368962?
9
What is the thousands digit of 3331954?
1
What is the hundred thousands digit of 352807?
3
What is the hundreds digit of 2555658?
6
What is the hundred thousands digit of 8467538?
4
What is the hundred thousands digit of 17676914?
6
What is the hundreds digit of 1840420?
4
What is the hundreds digit of 727459?
4
What is the millions digit of 3068904?
3
What is the millions digit of 1938684?
1
What is the tens digit of 21175569?
6
What is the hundred thousands digit of 4212875?
2
What is the hundreds digit of 26262604?
6
What is the hundreds digit of 2327993?
9
What is the units digit of 18189?
9
What is the tens digit of 4442332?
3
What is the hundreds digit of 2623225?
2
What is the thousands digit of 409246?
9
What is the units digit of 673313?
3
What is the thousands digit of 489392?
9
What is the millions digit of 28100663?
8
What is the tens digit of 317583?
8
What is the hundred thousands digit of 2425598?
4
What is the thousands digit of 105745?
5
What is the tens digit of 80580?
8
What is the ten thousands digit of 1587219?
8
What is the tens digit of 521457?
5
What is the tens digit of 23463915?
1
What is the thousands digit of 212747?
2
What is the tens digit of 26474473?
7
What is the thousands digit of 35386578?
6
What is the tens digit of 9626874?
7
What is the hundred thousands digit of 2027159?
0
What is the millions digit of 5215521?
5
What is the hundreds digit of 18850643?
6
What is the hundred thousands digit of 102264?
1
What is the thousands digit of 4274446?
4
What is the thousands digit of 3698733?
8
What is the ten thousands digit of 127625?
2
What is the units digit of 296395?
5
What is the units digit of 4341558?
8
What is the units digit of 1688369?
9
What is the hundred thousands digit of 395396?
3
What is the ten thousands digit of 4362029?
6
What is the units digit of 313723?
3
What is the hundred thousands digit of 4640902?
6
What is the thousands digit of 22018992?
8
What is the units digit of 625870?
0
What is the hundred thousands digit of 9072622?
0
What is the tens digit of 52076?
7
What is the hundreds digit of 9991858?
8
What is the tens digit of 6451449?
4
What is the units digit of 1738169?
9
What is the hundreds digit of 952050?
0
What is the tens digit of 1536219?
1
What is the units digit of 1731783?
3
What is the millions digit of 4975493?
4
What is the thousands digit of 16393?
6
What is the units digit of 10292867?
7
What is the tens digit of 212419?
1
What is the tens digit of 26900084?
8
What is the units digit of 24104401?
1
What is the millions digit of 4105371?
4
What is the units digit of 121130?
0
What is the hundred thousands digit of 3031249?
0
What is the thousands digit of 247035?
7
What is the thousands digit of 32207097?
7
What is the ten thousands digit of 5826635?
2
What is the tens digit of 6494698?
9
What is the tens digit of 994963?
6
What is the units digit of 817545?
5
What is the tens digit of 886523?
2
What is the tens digit of 266627?
2
What is the hundreds digit of 1163911?
9
What is the hundreds digit of 6048280?
2
What is the thousands digit of 620816?
0
What is the millions digit of 1736534?
1
What is the hundreds digit of 214278?
2
What is the ten thousands digit of 2231798?
3
What is the thousands digit of 2227100?
7
What is the thousands digit of 342933?
2
What is the ten thousands digit of 744622?
4
What is the hundreds digit of 977408?
4
What is the hundreds digit of 895739?
7
What is the ten thousands digit of 761860?
6
What is the hundred thousands digit of 595990?
5
What is the units digit of 8317276?
6
What is the units digit of 2524140?
0
What is the ten thousands digit of 15765?
1
What is the ten thousands digit of 5610771?
1
What is the tens digit of 8776718?
1
What is the tens digit of 5593291?
9
What is the millions digit of 2237680?
2
What is t